Let c(n) = n**3 - 6*n**2 + 4*n - 17. Let t be c(6). Suppose 0*k = t*k - 21. What is the highest common divisor of k and 5?
1
Let y(v) = v**2 + 8*v - 69. Let q be y(7). What is the highest common factor of 54 and q?
18
Suppose -16*y = -1087 + 31. Calculate the highest common divisor of 165 and y.
33
Let r(u) = -2*u**2 - 6*u + 6. Let o be r(-5). Let s = o + 70. Calculate the greatest common factor of 7 and s.
7
Suppose 2*v - 2*b - 52 = 0, -b = 2*v - 25 - 39. Calculate the highest common factor of 54 and v.
6
Let s(g) = -6*g + 8. Let d be s(-6). Suppose k = 4*r + 7 + 4, r = 4*k - d. What is the highest common divisor of k and 88?
11
Suppose -66 - 234 = -10*q. Let x = 256 + -166. Calculate the greatest common factor of q and x.
30
Suppose -2*i + 255 = w, i - w - 120 = -0*i. Calculate the highest common divisor of i and 75.
25
Suppose 0 = -5*m + m + 8. Let x be (m - 9/(-2))*10. Calculate the greatest common divisor of x and 26.
13
Let k = -159 - -164. What is the greatest common factor of 50 and k?
5
Let o = 556 + -540. Calculate the highest common factor of o and 64.
16
Let o be ((-24)/(-60))/((-2)/(-120)). Calculate the highest common factor of o and 3.
3
Suppose 4*b + 2*s = 186, -2*b + 0*b - 5*s = -73. Let j = 52 - b. Calculate the highest common factor of 6 and j.
3
Let i(p) = 6*p - 151. Let q be i(27). Calculate the highest common divisor of q and 583.
11
Let o(y) = -y**2 - 5*y + 8. Let k be o(-6). Let q be (k + -3 + 2)*-2. Let m be 1*(54/(-3))/q. What is the greatest common factor of 27 and m?
9
Let z = 700 + -647. Calculate the highest common divisor of 212 and z.
53
Let r be (-25)/(-100) + (-43)/(-4). What is the highest common factor of 341 and r?
11
Let a be 2/(2*2)*16. Let h(z) = z**3 + 4*z**2 - 3*z - 7. Let g be h(-7). Let j = g + 205. What is the greatest common divisor of j and a?
8
Let q = 11 - 11. Let w be -1*(q - -3 - 2). Let z be (3 - 1)/(w/(-5)). What is the highest common divisor of 4 and z?
2
Suppose -114*b = -13*b - 23634. What is the highest common divisor of 90 and b?
18
Suppose 0 = o + 5*y - y - 18, 5*o + 6 = 4*y. What is the highest common factor of 8 and o?
2
Let n(m) = -2*m**2 - 22*m + 7. Suppose 0 = 4*h - z + 37, 3*h + 8 = 5*z - 7. Let j be n(h). Calculate the highest common divisor of j and 72.
9
Let m be 2/(-12) - 46/12. Let t be -34*m/6*3. Let h be 50/75*51/2. What is the greatest common factor of t and h?
17
Let d(t) = 6*t**2 + 5*t - 2. Let n be d(-3). What is the highest common divisor of 74 and n?
37
Suppose 0 = 28*h - 505 + 197. Let j be (-2)/1 + 0 - -9. Let d(w) = w**3 - 6*w**2 + 2*w - 8. Let m be d(j). Calculate the highest common factor of h and m.
11
Let o be -9*(-1 - 1 - 17). Let i = 4305 - 4286. What is the greatest common divisor of o and i?
19
Let g(i) = 6 - 2 + 2 - i + 8*i**2. Let z be g(2). Suppose 0 = 2*x + 2*x - 216. Calculate the greatest common divisor of x and z.
18
Suppose -2*b - 13*s + 16 = -9*s, -s + 39 = 3*b. What is the highest common factor of b and 3934?
14
Let w(f) = -2*f**2 + 71*f + 90. Let v be w(33). What is the highest common divisor of 425 and v?
85
Suppose -25*r = -61 - 64. Calculate the greatest common factor of 17 and r.
1
Let k(n) = -n + 2. Let h be k(1). Let l(o) = 4*o**2 + 2*o - 1. Let d be l(h). Suppose 3*w = d*w - 12. Calculate the highest common divisor of w and 12.
6
Suppose -54*q + 36 + 103 + 23 = 0. Let l(h) = -h**3 - 8*h**2 - 10*h - 6. Let f be l(-7). What is the greatest common divisor of f and q?
3
Let f(b) = -5*b**3 - 4*b**2 + 4*b. Let w be f(-4). Suppose -s = 3*s - w. Suppose -187 = -z - 167. Calculate the highest common divisor of z and s.
20
Let t(q) = -19*q - 24. Let o be t(-5). Let p = o - 65. What is the greatest common factor of 6 and p?
6
Suppose -26 = -2*j - 5*q, -4*j = -5*q + 4*q - 30. Let i = 167 - -13. Suppose -5*v + 540 = i. Calculate the greatest common factor of j and v.
8
Suppose 0 = -4*a - 23 - 65. Let v = a + 41. Calculate the greatest common divisor of 76 and v.
19
Let n = -38 + 43. Suppose n*w - 104 = 3*w + 4*z, 0 = -2*w - 2*z + 128. What is the highest common divisor of w and 12?
12
Let t(k) = 34*k**2 - k. Let g be t(-1). Let d be (10/6)/((-4)/(-12)). Suppose -5 - d = -2*x. What is the greatest common divisor of g and x?
5
Let j = -1232 - -1244. What is the greatest common divisor of j and 1920?
12
Suppose -g + 68 = 2*z, 3*g = -2*z + 12 + 176. Let m = -15 - -25. Suppose i = m + 5. What is the greatest common factor of g and i?
15
Let i be 21/14 - 770/4. Let j = i + 279. What is the highest common factor of 11 and j?
11
Let a = -4 - -12. Calculate the highest common divisor of 88 and a.
8
Let i = -173 - -301. Let d be (-11)/(-22) - (-186)/4. Suppose 3*g - 2*u - d = 11, -4*g - 2*u = -54. What is the highest common factor of i and g?
16
Let j = -26 - -6. Let a = 5 + 20. Let u = j + a. What is the highest common divisor of 45 and u?
5
Suppose 8*p - 9 = 5*p. Suppose p*m - 13 - 2 = 3*v, -2*m = -3*v - 7. Calculate the highest common divisor of 8 and m.
8
Let c(q) = q**3 + 35*q**2 - 8*q - 5. Let b be c(-11). Calculate the greatest common divisor of 103 and b.
103
Suppose -15*c + 51*c = 7776. What is the highest common factor of 18 and c?
18
Let u be -4 - 2*(-418)/4. Let r be -2*(-41)/6*(7 + -1). Calculate the highest common factor of r and u.
41
Let s(h) = -3*h**2 - 2*h**2 - 5*h**2 - h**3 + 12*h + 4*h**2 + 8. Let x be s(-9). Calculate the greatest common factor of 13 and x.
13
Let c(d) = d**3 - 14*d**2 + 35*d + 12. Let w be c(11). Calculate the highest common divisor of w and 272.
34
Let q(f) = f**2 - 23*f + 67. Let a be q(21). What is the greatest common factor of 1 and a?
1
Let t(o) = o - 7. Let g be t(6). Let x be (26/(-4))/(g/2). Suppose 4*b = 5*u - 264, -56 = 2*u + b - 159. Calculate the highest common divisor of x and u.
13
Let y(c) = -c**2 - c + 18. Let j be y(0). Let k(h) = -6*h - 297. Let w be k(-51). What is the greatest common divisor of j and w?
9
Let f(g) = g**3 - 17*g**2 + 20*g + 18. Let i be f(16). Suppose d - i = -4*s, -s = 2*d - 7 - 17. Calculate the greatest common factor of 16 and s.
4
Let g(i) = i**2 - 6*i + 12. Let q be g(9). Let f(a) = 3*a**3 - 3*a**2 - 6*a + 3. Let y be f(5). What is the highest common factor of y and q?
39
Let y = 61 - 21. Suppose -v + 4*c = -112, -4*v + 12*c - 14*c = -394. What is the highest common factor of y and v?
20
Suppose -6*v + 21*v = 360. Suppose 3*y - 2*y = 379. Suppose 2*s - 5*o - y = 154, -3*s = -3*o - 795. Calculate the highest common factor of v and s.
24
Suppose -197*u + 188*u = -1269. Calculate the greatest common divisor of 188 and u.
47
Suppose -51*w + 37*w + 4900 = 0. Calculate the greatest common divisor of w and 7.
7
Suppose q - 260 = -25*q. What is the highest common divisor of 140 and q?
10
Suppose p - 2*p - z = -4, -2*p + 4*z + 8 = 0. Suppose -11 = -p*v + 85. Calculate the highest common factor of 60 and v.
12
Let h = 6 - 1. Let n = -5 + h. Let b be (0 + 3 - 1) + n. Calculate the greatest common factor of b and 18.
2
Let k be -8*(-12 + 231/(-88)). Calculate the highest common divisor of k and 162.
9
Let x = -255 - -279. Calculate the greatest common divisor of x and 104.
8
Let m = -155 - -109. Let f = 3 - m. What is the greatest common divisor of f and 7?
7
Let i(q) = q**3 - 11*q**2 - q + 22. Let m be i(12). Let h = -405 - -229. Let j be (h/24)/(2/(-6)). What is the greatest common factor of j and m?
22
Suppose 2*d - 39 = -d. Let p = -6 + d. Suppose -10*o + 118 = -512. What is the greatest common divisor of o and p?
7
Suppose -454 = 6*j - 11*j - 2*u, -5*j + 5*u + 440 = 0. Calculate the highest common divisor of j and 165.
15
Suppose -11*l - 7*l + 1512 = 0. What is the greatest common factor of l and 616?
28
Suppose 12*s - 17*s - 40 = 0. Let r be (-4)/s*-4 - -4. Suppose 123 = r*t + t - 3*a, 4*t - 3*a = 159. Calculate the greatest common divisor of t and 108.
36
Let q = -336 + 716. Calculate the highest common factor of 20 and q.
20
Let i be (9/4)/(2/8). Let a = -8 - -18. Suppose 5*s - 5 - a = 0. Calculate the highest common factor of s and i.
3
Let m be (-2*(-8)/(-12))/(2/(-6)). Suppose -m*z + 5*o = -0*z - 4, 3*o = 2*z. What is the highest common factor of z and 18?
6
Let v(p) = -7*p + 26. Let f(n) = 7*n - 25. Let l(d) = -2*f(d) - 3*v(d). Let w be l(8). Calculate the highest common factor